20))/(2/n). Let m = 7 - w. What is the units digit of m?
1
Let f(b) = b**2 + 10*b - 16. What is the units digit of f(-14)?
0
Suppose 14 = 4*b - 2. Suppose o + b*z - 6 = 0, o + 0*z = -3*z + 5. Suppose o*d - 6*d + 36 = 0. What is the units digit of d?
9
Suppose 6*d = -d + 532. What is the units digit of d?
6
Suppose 0 = 7*g - 3*g - n - 593, 0 = 5*g + 5*n - 760. What is the tens digit of g?
4
Let w be 22/4 - 1/2. Suppose -2*x = -w*x + 9. Suppose x*v - 3*z = -0 + 18, 3*v - 2*z = 21. What is the units digit of v?
9
Suppose 3*s - 9 = -4*j + 27, -43 = -5*s - j. Let n be (s + 4)*1/1. Suppose 3*g + n = 5*g. What is the units digit of g?
6
Let o = 5 - 1. Suppose 0 = 3*z + 2*h - 44, 38 = -2*z + 5*z - o*h. What is the units digit of z?
4
Let t = -188 - -277. What is the tens digit of t?
8
Let f be (-3)/(4/16*4). Let w = 12 + -7. Let g = f + w. What is the units digit of g?
2
Suppose -m + 8 = m. Let c = m + -8. Let k = c - -8. What is the units digit of k?
4
Let o(c) = c**3 + 5*c**2 - c + 5. Let l be (26/65)/((-2)/20). What is the units digit of o(l)?
5
Suppose -5*g - 37 + 707 = 0. What is the units digit of g?
4
What is the units digit of 20*(12/30)/((-8)/(-30))?
0
Let z = 9 - -20. What is the units digit of z?
9
Let q(m) = m**2 + m - 12. What is the units digit of q(-7)?
0
Let m = 4 + 0. Suppose 3*o + 0*o = -3*c + 15, 2*c + 2 = m*o. What is the units digit of c?
3
Suppose -4*q - 28 = -2*u, 5 - 15 = -5*u - 2*q. Suppose 2*h = -3*w - 3*h + 13, -32 = -u*w - 3*h. What is the tens digit of w?
1
Suppose -f = -0*f - 32. What is the units digit of f?
2
Let s be 43/9 + 18/81. Suppose s*j + 0*f - 3*f - 186 = 0, -3*j + 126 = 3*f. What is the tens digit of j?
3
Let s be 138*1 + 12/4. Suppose -2*f + 5*f = s. What is the tens digit of f?
4
What is the tens digit of 12/(-10)*(0 + (-1640)/12)?
6
Let b = 1 + -1. Let q(z) = -3*z + 19. Let a(w) = w - 6. Let u(y) = 8*a(y) + 3*q(y). What is the units digit of u(b)?
9
What is the tens digit of (-7*6)/((-3)/3)?
4
Suppose -2*i - 5 = -5*x + 3*i, 15 = 5*i. Suppose k - 4 = -0*k, -5*o = -x*k + 6. What is the units digit of o?
2
Let d(r) = r. Let p be d(1). Suppose -2*o - 2*o - 5*n - 7 = 0, 3*o = -2*n. What is the units digit of o/(p/3*3)?
2
What is the tens digit of 60/1 - 3*(-3 - -4)?
5
Let w be -1 - (132/3 - 1). Let v = w + 63. What is the tens digit of v?
1
Let q be 6*(-3 - 33/9). Let d = -22 - q. What is the units digit of d?
8
Suppose 2*j = w + 4, 0 = 2*j - j - 4*w + 12. What is the units digit of ((-6)/8)/(j/(-48))?
9
Suppose -3*i = -6*i + 138. What is the tens digit of i?
4
Suppose u + 1 = 0, 3*z + 2*u + 3*u - 604 = 0. What is the tens digit of z?
0
Let v(y) = y**3 - y**2 - 2. Let r be 1 + 0 + -2 - -3. What is the units digit of v(r)?
2
Suppose -3*y = 2*v - 62 + 22, 0 = 3*v + 5*y - 61. Let n = v + -8. What is the units digit of n?
9
Let y be (1/(-2))/(6/(-456)). Suppose 2*p - y = -0*p. What is the tens digit of p?
1
Suppose -8*s + 3*s - 30 = 0. Let x(n) = -n**3 - 6*n**2 - 7*n - 8. What is the units digit of x(s)?
4
Let x(g) = 5*g**3 + 7*g**2 - 2*g - 12. What is the units digit of x(4)?
2
Suppose -5*z = 5*j - 90, 0*j + 3*j = -2*z + 40. Suppose -y = -0*y + z. Let w = -4 - y. What is the tens digit of w?
1
Let w = -19 - -13. Let s be w/(-10)*(6 - 1). Suppose -4*b = m - 6 - s, 5*b - m = 0. What is the units digit of b?
1
Suppose 2*v - 99 = -v. Let u = v + -16. What is the units digit of u?
7
Let z(r) = -r**3 - r**2 + 2*r + 3. Let w be z(-2). What is the units digit of 3 + (1 - 0 - w)?
1
Let d = -4 - -4. Let n(a) = a**3 + a**2 - a + 8. Let w be n(d). Let o = w - 4. What is the units digit of o?
4
Let i(h) = -2*h**2 + h + h - 3*h**2 + h**3 - 3. Let c be i(5). Suppose -3 + c = 4*o. What is the units digit of o?
1
Let v be (-3)/6 - 1/(-2). Suppose v = -0*x - 4*x + 12. Suppose -x*y + y = -4. What is the units digit of y?
2
What is the units digit of ((-279)/12)/((-492)/160 - -3)?
0
Let u(f) = f**2 + 5*f - 2. Let c be u(-8). Suppose 3*m - m - c = 0. What is the units digit of m?
1
Suppose -y = -5*y. Suppose 3*i - 86 = -2*b, y = -i - i. Suppose 3*o - 17 = o - c, 0 = 4*o + 5*c - b. What is the units digit of o?
7
Suppose -4*a + a = -21. What is the units digit of 32*(-3 - a/(-2))?
6
Let c(z) = 3*z + 1. What is the units digit of c(2)?
7
Suppose -2 = s + 5*m, 0 = s - 5*m - 1 - 7. What is the units digit of s?
3
Let l(d) = d**2 + 10*d - 2. Let k be l(-10). Let n be k/(-6)*12/2. Suppose -n*v + 0 = -2. What is the units digit of v?
1
What is the tens digit of (-11)/(-3)*210/5?
5
Suppose -10 = -l - 3*i, 2*l - 41 = -l + 2*i. What is the units digit of 275/l + 6/(-39)?
1
Suppose 2*s - 14 = s. What is the tens digit of s?
1
Suppose -5*f + 16 = -14. What is the units digit of 35/14*f/5?
3
Let h be (5/(-3))/(3/(-27)). Suppose -5*i + h = -0*i. What is the units digit of 0 - (2 - (1 + i))?
2
Let s = -20 - -236. What is the tens digit of s?
1
Suppose -f - 7 = -2, 5*f + 25 = 4*q. Suppose -2*v - s + 41 = q, 2*v = 3*s - 2 + 23. What is the units digit of v?
8
Let d = 5 + -1. What is the units digit of 539/22 + 2/d?
5
Suppose 5*h - 125 = -2*p + 40, 285 = 4*p - 5*h. Suppose -5*b = 25 - p. What is the tens digit of b?
1
Let o = 92 - 27. What is the tens digit of o?
6
Let v be 5 - 8 - (-1 + -2). Let x = v - -2. Suppose -23 = -x*m - 3. What is the units digit of m?
0
Let h = 75 - 52. What is the tens digit of h?
2
Suppose -a - 9 = -3*z, -4 = 3*z - 4*a - 13. Suppose -z*q + 4 = -2. Suppose 10 = q*n - 2. What is the units digit of n?
6
Let f be (-2)/8 + (-102)/(-24). Let l be 112/(-12) + 1/3. What is the tens digit of ((-21)/f)/(l/24)?
1
Suppose 4*t - 530 = 202. What is the units digit of t?
3
Let g(c) = c**3 + c**2 - c + 2. Let z be (-8)/12 + (-4)/(-6). Let y be g(z). Suppose -2*j = y*j - 36. What is the units digit of j?
9
Suppose -o - 4*z = -13, -3*z + 1 - 10 = 0. What is the tens digit of o?
2
Suppose 0 = g - 4 + 8. What is the tens digit of 31 + 6*2/g?
2
Let j be 0 + 1 + (-12)/(-6). Suppose 2*w = -j*w + 55. Suppose 3*z - w = -2*i, 3*i + 2*z - 19 = 5. What is the units digit of i?
0
Let s(i) = i**2 - 1. Let a be s(1). Suppose -5*d + 30 = 3*h, a = -d - 3*h + h - 1. What is the units digit of d?
9
Let x(c) = c**2 - 5*c - 4. Let y be x(7). Let d = -6 + y. What is the units digit of d?
4
Let q = -40 - -66. What is the units digit of q?
6
What is the tens digit of (1*6)/((-2)/(-4))?
1
Let o(q) = 12*q + 2. Let b be o(-1). Let z = b - -13. What is the units digit of z?
3
Suppose 2*t = 10, 0*t - 2*t + 260 = 5*a. What is the units digit of a?
0
Suppose 2*d - 38 = 2*l - 0*l, 0 = 3*l + 9. What is the units digit of d?
6
Let d be -3 + 5 - (1 - 15). Suppose 2*l = l. Suppose -v = -0*v + w, l = -3*v + 5*w + d. What is the units digit of v?
2
What is the tens digit of (-4 - 771/(-9))/((-4)/(-12))?
4
Suppose 4*v + 0*v - 56 = 0. What is the units digit of (v/5)/((-2)/(-5))?
7
Suppose 3*w + 20 = w. Let b(h) = -12*h - 2*h**2 + 27 - h + h**2 - 39. What is the tens digit of b(w)?
1
Let z = -4 + 7. Let k be (-1)/(-1)*(1 + 1). Suppose -z*l + 2*o = -21, -22 + 8 = -k*l + 3*o. What is the units digit of l?
7
Suppose 5*i = 306 - 76. What is the units digit of i?
6
Let z(o) = -2*o + 0*o - 2*o - 2. What is the units digit of z(-2)?
6
Let i = -80 + 104. What is the units digit of i?
4
Let m(n) = 21*n + 1. Let x be m(2). Let v = -31 + x. What is the tens digit of v?
1
Let u = 248 - 158. What is the tens digit of u?
9
Suppose 2*f - 3 - 3 = 0. What is the tens digit of 20 - (f + -4 - -3)?
1
Let w = 89 + -44. Let f = -3 + w. What is the tens digit of f?
4
Suppose 0*k + 15 = -3*k, -r + 4*k = -34. What is the units digit of r?
4
Let b(z) = z**2 - 5*z + 3. Suppose 15 = 3*y - y - 3*v, v = 4*y - 25. What is the units digit of b(y)?
9
Let a = 1 + 1. Suppose a*b = 2*s - 26, -s + 4*b + 4 = -21. What is the units digit of s/2 - (-6)/12?
5
Let l(y) = -28*y - 1. Let t be l(-1). Suppose 5*h - 13 = t. What is the units digit of h?
8
Suppose -n + 5*u = 9*u - 77, -2*n + 2*u = -104. What is the tens digit of n?
5
Suppose -2*c + 3 = -3*f + 20, -4*f = 4*c - 16. Suppose -1 = 3*x + f. What is the units digit of (6/4)/(x/(-12))?
9
Let n = 14 + -14. Suppose 3*o + 9 - 39 = n. What is the tens digit of o?
1
Let u(y) = -y**3 + 7*y**2 - 6*y + 3. Suppose 6 - 36 = -5*m. Let p be u(m). Suppose 5*w + 32 + 13 = 5*x, 